 3, 0 = -11*r + 16*r + 5*f - 25. Suppose -15*h + r*h = -2835. List the prime factors of h.
3, 5, 7
Suppose -2*p - 226 = 2*v, 5*v - 484 = 4*p + v. Let t = p - -242. List the prime factors of t.
5
List the prime factors of 18/63 + 148756/28.
3, 7, 11, 23
Let y(r) = -4*r + 7. Let o(h) = -11*h + 20. Let c(p) = -6*o(p) + 17*y(p). Suppose -23 = -7*l - 58. What are the prime factors of c(l)?
3
Suppose -4*u = -2*j + 502, 5*j = 2*u + u + 1234. List the prime factors of j.
5, 7
Let v(t) be the second derivative of t**5/60 + 5*t**4/24 + 3*t**3/2 + 7*t**2/2 - 6*t. Let q(w) be the first derivative of v(w). List the prime factors of q(-7).
23
Suppose 0 = -u + 2 - 6. Let z be u*(-4)/24*3. Suppose 3*a - 75 = -z*a. List the prime factors of a.
3, 5
Let n = -17 - 11. Suppose 22 = 5*m + 2*t, 2*m - 12 = 5*t + 20. List the prime factors of n/m*(3 + -6).
2, 7
What are the prime factors of 3494/3 + 1*(-12)/18?
2, 3, 97
Suppose 1 = t + 33. Let q be t/(-6) + (-5)/15. Suppose -3*y - 12 = 0, -y = q*z - 2*y - 229. List the prime factors of z.
3, 5
Let b = 100 + 17. Let w = b + -70. What are the prime factors of w?
47
Let z be 1 - -3 - 0/3. List the prime factors of (z/5)/(2/50).
2, 5
Let w = -253 + 421. Let v = -3 - -8. Suppose v*m - w - 117 = 0. What are the prime factors of m?
3, 19
Let q(h) = h**3 - 6*h**2 + 6*h - 3. Suppose 0 = -i + 5 - 0. Let y be q(i). Suppose 3*s - 3*n = -0*s + 57, -34 = -y*s - 2*n. List the prime factors of s.
2, 3
Suppose 1729 = 4*k - 599. List the prime factors of k.
2, 3, 97
Let y(l) = 918*l**2 - 20*l + 13. List the prime factors of y(2).
3, 5
Suppose 3*v - 16 = 2*d, -v + 4*d = 3*v - 24. Let z(q) = -3*q. Let a be z(-1). Suppose a*u + v*p - 93 = 0, u + 5*p = -u + 69. List the prime factors of u.
3
Let p(x) = 3*x + 14. Let y be p(-6). Let f = y + 2. What are the prime factors of ((-1)/(-1))/(f/(-34))?
17
Let z(s) = 5*s**2 + 2*s - 6. Let a be z(-6). Let x be (-17208)/a + 4/18. Let t = x - -164. What are the prime factors of t?
2, 29
Suppose 9*m = -135 + 405. Let x be 2/4*0/(-1). Suppose x = -4*o + m + 90. List the prime factors of o.
2, 3, 5
Let n(x) = x**2 - 17*x - 104. What are the prime factors of n(41)?
2, 5, 11
Let j(o) = -o. Let i be j(-4). Let k(q) = q + 4. Let n be k(i). Suppose -h = -n - 3. List the prime factors of h.
11
Let u(c) be the second derivative of c**4/6 + 13*c**3/6 - 8*c**2 + c. List the prime factors of u(-10).
2, 3
Suppose 0 = 29*l + 12267 - 80562. List the prime factors of l.
3, 5, 157
Let c = 219 + -149. Suppose -4*j + 4*f = -2*j - 172, -j = 2*f - c. What are the prime factors of j?
2, 3, 13
Suppose 4*p - 74 = -2*v - p, 5*v - 219 = -4*p. Let d = 95 - v. Suppose -2*o = o - d. List the prime factors of o.
2
Let j(k) = -18*k + 683. List the prime factors of j(0).
683
Suppose -501 = -2*v - 19. List the prime factors of v.
241
Let p be 30/(-3)*(-22)/5. Suppose 0 = i + 3*i - p. Suppose 0 = u - i - 34. List the prime factors of u.
3, 5
Let y(z) = -86*z - 24. What are the prime factors of y(-1)?
2, 31
Suppose -4*p + 3*v + 660 = 0, -2*p = -4*v + 2*v - 330. List the prime factors of p.
3, 5, 11
Suppose 3*h = u - 1203, -4*u + 4*h = -2274 - 2538. What are the prime factors of u?
3, 401
Let l be 2*-1*(-75)/10. What are the prime factors of 46*5/l*3?
2, 23
Suppose 15*b = 13*b + 98. Let z = b - 10. List the prime factors of z.
3, 13
Suppose -i - m = 3*m + 147, -3*m - 294 = 2*i. Let t = 227 + i. Suppose -4*c - c + t = 0. What are the prime factors of c?
2
Suppose 5*b - 5*w - 5 = 0, 0*w = 4*b + 4*w - 12. Suppose 56 = -b*u + 548. What are the prime factors of u?
2, 3, 41
Suppose -1071 - 1287 = -5*p - x, 2*p = -2*x + 940. List the prime factors of p.
2, 59
Let z(v) = v**3 - 4*v**2 - 8*v + 1. Let f be z(6). Suppose -5*d - 15 = -j, 5*j - 4*d = 10 + 2. Suppose j = -r + 18 + f. List the prime factors of r.
43
Let u(l) = l**3 - 4*l**2 - 7*l - 2. Let y = 9 + -4. Let b be u(y). List the prime factors of (b/10)/(1/(-60)).
2, 3
Let v(c) = 3*c - 3. Let j be v(2). Let t(h) = -16 + 3*h - j*h + 5*h. List the prime factors of t(4).
2
Let w(b) = 5*b**3 + 2*b**2 - 6. What are the prime factors of w(4)?
2, 173
Let f be (4/(-10))/((-3)/15). Suppose 8 = f*x + 2. Suppose 2*l = -x*l + 15. What are the prime factors of l?
3
Let j(u) = 328*u**2 - 2*u. Let r be (7/(-3 - 4))/(2/2). List the prime factors of j(r).
2, 3, 5, 11
Let c(w) = 1 + 0*w - 2*w + 2. Let x = -33 - -29. List the prime factors of c(x).
11
Let d(z) = z**2 - 4*z + 1. Let r be d(6). Let x(v) = -2*v**3 + 2*v**2 + v + 1. Let y be x(3). Let j = r - y. List the prime factors of j.
3, 5
Suppose 0 = -47*o + 141409 - 3135. List the prime factors of o.
2, 1471
Suppose -8*i + 18 = -2*i. Suppose -z - i*z - 2*r - 46 = 0, -3*r + 1 = -z. List the prime factors of z/(-35) + (-388)/(-14).
2, 7
Let n(x) = x**2 + x - 5. Let c(z) be the second derivative of -3*z**5/10 - z**3/6 - z**2/2 - 4*z. Let s be c(-1). List the prime factors of n(s).
37
Let n(f) = 154*f - 6. Let c be n(2). Let m = -212 + c. List the prime factors of m.
2, 3, 5
Let w = 85 + 1235. What are the prime factors of w?
2, 3, 5, 11
Suppose 0 = -3*w - g + 1625, 4*w - 3*g = 1167 + 978. List the prime factors of w.
2, 3, 5
Let s(a) be the first derivative of 23*a**2/2 - 5*a - 21. Let z(r) = r**3 + 6*r**2 + r + 8. Let x be z(-6). What are the prime factors of s(x)?
41
Let f(h) = -2*h - 40. Let b be f(-20). Suppose 3*d + 2*w = 247, 3*d - 251 = -b*d - 4*w. List the prime factors of d.
3
Suppose 0 = k + 4*y - 14, 0 = 3*k + 4*y - 10. List the prime factors of ((-5)/(20/446))/(k/4).
223
Suppose 74 = 4*b + 10. Suppose -5*d + b + 9 = 0. Suppose -21 + 1 = -d*k. What are the prime factors of k?
2
Suppose 3*k = -4*c + 28, 23 = 3*c + 3*k - 1. Let u be c*(3 + -2) + 2. What are the prime factors of ((-29)/2)/((-3)/u)?
29
Suppose g = 3*d - 583, -5*d - 2*g + 582 = -397. Let r = d + -134. List the prime factors of r.
61
Let t(s) = -s**3 - 2*s**2 + s + 2. Let i be t(0). Let c be 6/((0 - -2) + -3). List the prime factors of i/c - 61/(-3).
2, 5
Suppose -g = -3*f - 480, 0 = 5*f + 4*g - 0*g + 817. Let a = f - -230. List the prime factors of a.
3, 23
Let y be 2 + -1 + (3 - -1). Suppose 4*w - 5*a - 40 = 0, 34 - 5 = 5*w - a. Suppose -w*b = 2*v - 32, v - 19 + 3 = y*b. List the prime factors of v.
2
Let q(m) = m**2 + 11*m - 2. Let p be q(-6). List the prime factors of (-57)/24 - -2 - 1100/p.
2, 17
Let v = -111 - -489. List the prime factors of v.
2, 3, 7
Let m(s) = -s**2 + 31*s + 30. Suppose i + 3*p + 0*p - 27 = 0, 95 = 4*i - p. List the prime factors of m(i).
2, 3, 11
Let w be -12*(-1 - -4)/(-9). Suppose 5*y = -5*s + 5 + 5, -w*y + 2*s - 16 = 0. List the prime factors of (y - -4) + -5 - -27.
2, 3
Suppose 6*m + 12 = 9*m. Suppose 5*h = d + 24, 4*d + 0 = m*h - 16. What are the prime factors of h?
5
Let r be (-5 - (-4 + 2)) + 115. Let s = r - -7. What are the prime factors of s?
7, 17
Let j(w) = 5 - 4*w**2 + 4*w**2 + 2*w**2 - 4*w. Let v be j(2). Suppose -5*n = v*m - 110, n + 0*n + 4 = 0. List the prime factors of m.
2, 13
Suppose 11*o - 8 = 9*o. Suppose 0 = -2*v - 3*v - o*t + 478, v - 101 = t. What are the prime factors of v?
2, 7
Let d(j) be the third derivative of 5*j**4/24 + 29*j**3/2 - 5*j**2. List the prime factors of d(0).
3, 29
Let k(o) = 4*o**3 - 1. Let h be k(1). Let s(u) = -56*u - 3*u**2 + 4*u**h - 6*u**3 + 57*u + 4. List the prime factors of s(-3).
2, 7
Let f(v) = -191*v**2 + 13*v. Let x(j) = 48*j**2 - 3*j. Let a(w) = 6*f(w) + 26*x(w). What are the prime factors of a(-1)?
2, 3, 17
Suppose 15 = 5*h - 0. Suppose -h*a + 29 + 130 = 5*d, 2*a - 81 = 5*d. What are the prime factors of a?
2, 3
Suppose 25*k - 3315 = 4410. What are the prime factors of k?
3, 103
Let w(l) = 2*l**2 - 10*l - 6. Let v be w(-4). Suppose 6*j - v + 6 = 0. What are the prime factors of j?
2, 5
Suppose 0 = -w - 7 + 1. Let l(h) = h**2 + 3*h - 2. Let p be l(w). Suppose 0 = -2*t + 4*m + 32, t + 2*t - p = -2*m. List the prime factors of t.
2
Let d(o) = o**3 + 8*o**2 + 5*o - 8. Let r be d(-7). What are the prime factors of r/(-4) - 413/(-14)?
2, 7
Suppose -14 = -3*y - 8. Suppose -2*c + 45 = 2*w + 3*c, -y*c = 2*w - 30. Suppose 2*o = 7*o - w. What are the prime factors of o?
2
Let m(d) = d**2 + 9*d + 9. Let n be m(-7). Let u(g) be the first derivative of -7*g**2 - 17*g - 37. List the prime factors of u(n).
53
Let